-3). Suppose p*a = -a - 25. Let r = a - -35. What are the prime factors of r?
2, 5
Let b = 69 - 65. Let g(u) = -u. Let z(v) = v**2 - 13*v + 1. Let i(x) = 5*g(x) - z(x). What are the prime factors of i(b)?
3, 5
Let d(b) = -b**3 + 5*b**2 + 4*b - 5. Let s(l) = 3 - 1 - l + 3 - 4*l - l**2. Let o be s(-5). List the prime factors of d(o).
3, 5
Let o(q) = q**3 - 5*q**2 + q - 3. Let g be o(5). Suppose 0 = g*c - 4*w + 8*w - 96, 20 = 5*w. What are the prime factors of c?
2, 5
Suppose -2*h + 15 = 7. List the prime factors of h.
2
Suppose -2*j + 10 = 3*j + 4*t, -4*j - 3*t = -8. What are the prime factors of j?
2
Suppose 3*p - p - 3*w - 350 = 0, 875 = 5*p - 5*w. What are the prime factors of p?
5, 7
Let w(z) = z**3 + 6*z**2 - 8*z + 10. List the prime factors of w(-7).
17
Suppose 2*w + 5*n = -21, 3*n + 10 + 8 = -3*w. Let r be w/(-9) - (-134)/3. Suppose -2*p + k + 31 = 0, 0*k + k = 3*p - r. List the prime factors of p.
2, 7
Let a = -66 + 72. List the prime factors of a.
2, 3
Let d be (-2 + (-36)/(-15))*5. Let o = 0 + d. What are the prime factors of o?
2
Let r be (-42)/11 - 4/22. What are the prime factors of (3 - (2 - r)) + 16?
13
Let q be (-15)/(-13) + (-6)/39. What are the prime factors of 350/20*(3 - q)?
5, 7
Suppose 0*t - 4 = t, 0 = 3*z - 2*t - 14. Suppose -3*n = -n - z. Let i = 13 - n. What are the prime factors of i?
2, 3
Let z(w) = w**2 + 8*w + 5. Let m be z(-6). What are the prime factors of (-37)/m + 2/(-7)?
5
Let h(j) = j + 16. List the prime factors of h(-4).
2, 3
Suppose p + u + 1 = 0, -2*p + 11*u - 6*u = -19. Suppose p*q + 89 = i + 22, -2*q - 10 = 0. What are the prime factors of i?
3, 19
Let w = -5 + 29. List the prime factors of w.
2, 3
Let o(v) = 10*v**3 - 2*v**2 + 2*v - 1. Let z be o(1). Let s = -3 + 5. Suppose s*r + z = -r, -i = 4*r + 10. What are the prime factors of i?
2
Suppose 0*z = -2*z + y + 3, -y = -5*z. List the prime factors of (z/(-2))/((-3)/(-102)).
17
Let o be (13 - -1)*(-6 - -5). Let t = 38 + o. What are the prime factors of t?
2, 3
Suppose 0 = -2*k - k - 21. Let x = k + 13. Suppose -5*h = -24 - x. What are the prime factors of h?
2, 3
Let l = 7 + -13. List the prime factors of (-28)/l*48/56.
2
Let l(m) = -2*m**2 - 8*m + 4*m + 4*m**2 - 11*m. List the prime factors of l(10).
2, 5
Let t = 2 + 11. List the prime factors of t.
13
Let s = -16 + 37. Suppose 5*p + 50 = -4*m, 3*m + s = -2*p + p. Let r = p + 23. List the prime factors of r.
17
Let o = -12 + 22. Suppose m - o = -m. List the prime factors of m.
5
Let v(d) = -d**3 - d**2 - 5*d - 4. Let s(n) = -n**3 - 2*n**2 - 9*n - 7. Let c(t) = 4*s(t) - 7*v(t). List the prime factors of c(2).
2, 3
Let p be 29/(-2)*(2 + -4). Let f = -1 + p. Suppose 4*a - 39 = w - 2, 3*a - w = f. List the prime factors of a.
3
Let g(l) be the second derivative of l**5/20 + l**4/3 - l**3 - 2*l**2 - 4*l. Let d be g(-5). What are the prime factors of d + -1 + (11 - 3)?
2
Suppose 3*c = 4*l + l + 143, 4*l = 2*c - 98. What are the prime factors of c?
41
Let l be 2/7 + (-14)/49. Suppose -4*c - g = -72, -5*c + l*g = 5*g - 105. What are the prime factors of c?
17
Let m(v) = -v**3 - v + 6. Let y be m(0). Suppose 2*r - 3 = 3*b, 5*b + 0*b = 3*r - 4. Suppose -5*p = -r*p - y. List the prime factors of p.
3
Let m(s) = s**3 + 9*s**2 + s - 3. List the prime factors of m(-8).
53
Let h(g) = 3 - 9 - 3*g + 0*g - 4. List the prime factors of h(-6).
2
Let f be (-5)/(-15) + 122/3. Let q = f - 26. What are the prime factors of q?
3, 5
Let c = 3 + 0. Suppose 0*p = c*p - 9. Suppose p*k - 20 = -2. What are the prime factors of k?
2, 3
Let i = 72 - -43. What are the prime factors of i?
5, 23
Suppose -8*n + 12*n + 216 = 0. Let v = -38 - n. What are the prime factors of v?
2
Let m be 5/(0 + 1 + 0). Suppose -5*r + m*w = -40, 6*w = 5*r + 2*w - 37. Let x = 8 - r. List the prime factors of x.
3
Let v(b) = -b + 3. List the prime factors of v(-4).
7
Suppose 0 = -5*y - 80 - 75. Let x = 47 + y. Suppose w + 4*o = 17, o + x = 2*w - 0*o. List the prime factors of w.
3
Suppose -4*h + 19 = -1. Suppose 2*f - h*j + 12 = 4*f, 47 = 5*f + 4*j. What are the prime factors of f?
11
Suppose 4*m + 182 = v, v - 6*m - 187 = -3*m. List the prime factors of v.
2, 101
Let f = -5 - -9. Suppose -2*b = -f*u - 32, 2*b = -b + u + 28. Let z = 13 - b. What are the prime factors of z?
5
Let i(l) = 1. Let p(g) = g**2 - 6. Let q(u) = -2*i(u) - p(u). List the prime factors of q(0).
2
Let r(f) = f**2 + 4*f + 5. Let x be r(-4). Suppose 13 = 5*g - 7, 4*s = -2*g + 112. Suppose -4*b + 3*p + s = 0, b = -p + x*p. List the prime factors of b.
2
Let u(v) = -11 + 4 - 5*v - 5 + 0. List the prime factors of u(-8).
2, 7
Let r = 63 + -15. Suppose -2*x = x - r. What are the prime factors of (x/(-10))/((-10)/25)?
2
Let f = 18 + -27. Let o = f + 5. Let x(y) = y**3 + 4*y**2 - 4*y - 4. List the prime factors of x(o).
2, 3
Let h = -87 + 127. What are the prime factors of h?
2, 5
What are the prime factors of (-20)/6*(-60)/5?
2, 5
Let p = -21 - -15. What are the prime factors of (-74)/(-7) - p/14?
11
Let p = 120 - -303. List the prime factors of p.
3, 47
Suppose -708 = -20*i + 16*i. What are the prime factors of i?
3, 59
Suppose -5*n - q + 15 + 3 = 0, -2*q - 4 = 0. Suppose 5*y = z + 8 + 4, 0 = -5*y - 3*z + n. Let b(m) = 3*m**2 - 2*m - 1. List the prime factors of b(y).
7
Let g(m) = 12*m**2 + 3*m + 2. List the prime factors of g(-1).
11
Suppose -5*j - a + 8 = 0, -7*j = -2*j + 5*a - 20. Let v be (-1)/(j/1)*0. Suppose 0*y - y + 7 = v. List the prime factors of y.
7
List the prime factors of 13 - 13 - (0 - 71).
71
Let j = -9 + -2. Suppose 0*o - 9*o = 81. Let i = o - j. List the prime factors of i.
2
Let p(v) = 9*v - 1. Let h be p(-1). Let r(u) = u + 4. Let q be r(h). List the prime factors of 10*2*q/(-15).
2
Let t = -31 + 44. Let g = -3 + t. List the prime factors of g.
2, 5
Suppose -p = p - 10. Let d(v) = 2*v - 1. Let t be d(3). Let i = p + t. What are the prime factors of i?
2, 5
Suppose f + 0*f - 46 = 0. What are the prime factors of f?
2, 23
Suppose -5*b = 3*g - 34, 0 = -3*b + 2 - 5. Suppose -4*v + 1 - g = 0. Let a(u) = -u + 4. What are the prime factors of a(v)?
7
Let n(k) = k**3 - 11*k**2 + 13*k + 9. What are the prime factors of n(10)?
3, 13
Suppose -14 = -4*o + 2*x, -25 = 7*x - 2*x. Let q = 0 + o. Let d = q + 6. What are the prime factors of d?
7
Suppose -t = 4*l + t - 376, 0 = -5*l - 2*t + 471. List the prime factors of l.
5, 19
Let w = -36 + 50. Let l = 0 + w. What are the prime factors of l?
2, 7
Suppose -2*f - 5*m - 21 = -3, 3*f + 5 = -2*m. What are the prime factors of -21*f*(-3)/9?
7
Let z be (-6)/(-9) + (-44)/3. Suppose 0 = -d + 5, 0*y + 2*y = 3*d + 39. Let a = z + y. What are the prime factors of a?
13
Let d be -1 + (2 - (1 + 0)). Suppose d = -0*f - 2*f + 6. Suppose f*n - 33 = -0*n. What are the prime factors of n?
11
Let z = 361 - 258. What are the prime factors of z?
103
Suppose 2*m = -1 - 19. List the prime factors of (4 + m)/((-4)/2).
3
Let h(y) be the third derivative of -y**6/120 + y**5/12 - y**3/6 - 2*y**2. Let i be h(5). List the prime factors of i/2 - 34/(-4).
2
Let z(h) = h**2 - 6*h + 8. Let t be (-40)/(-6) + (-2)/(-6). What are the prime factors of z(t)?
3, 5
Suppose 117 = 12*l - 9*l. List the prime factors of l.
3, 13
Let z be 3 + (-1 - 2) - -105. Suppose -5*c = -5*l + z, 0 = 2*l - c + 3*c - 46. List the prime factors of l.
2, 11
Suppose 0 = 2*s - 4*s + 18. Suppose s = 2*v + j, -v + 1 + 14 = -3*j. What are the prime factors of v?
2, 3
Suppose -8 = 2*f - 44. What are the prime factors of f?
2, 3
Suppose 0 = 8*l + l - 1548. List the prime factors of l.
2, 43
What are the prime factors of (-3)/(-6)*-2 + 32?
31
Let c be (-111)/(-12) + 2/(-8). Let o = -7 + c. What are the prime factors of o?
2
Suppose -5*r + 4*r = 0. Suppose -6*z = -4*n - 3*z - 75, -2*n - 5*z - 5 = r. Let v = -4 - n. List the prime factors of v.
11
Suppose 3 = 3*u + 2*p + p, 5*u + 3 = 3*p. Suppose u = -4*i + 7 + 1. What are the prime factors of i?
2
Suppose 5*s - 2*q = 149 + 77, -3*q + 167 = 4*s. What are the prime factors of s?
2, 11
Suppose 10 = 5*z - 0*z. Suppose -5*v + 26 = 2*q - 3, v - q - 3 = 0. Suppose -3*c - 18 = -2*x, z = x - 0*x - v*c. List the prime factors of x.
2, 3
Suppose -2*i = -39 - 75. List the prime factors of i.
3, 19
Let w(q) = q**3 - 9*q**2 - 4*q + 8. Let x be w(9). Let y = -16 - x. S